{"id":1180,"date":"2020-08-06T11:01:39","date_gmt":"2020-08-06T14:01:39","guid":{"rendered":"https:\/\/chacaradassuculentas.com.br\/index.php\/produto\/import-placeholder-for-440\/"},"modified":"2023-01-05T19:21:30","modified_gmt":"2023-01-05T22:21:30","slug":"vaso-de-plastico-preto-para-cacto-e-suculenta","status":"publish","type":"product","link":"https:\/\/chacaradassuculentas.com.br\/index.php\/produto\/vaso-de-plastico-preto-para-cacto-e-suculenta\/","title":{"rendered":"Vaso de Pl\u00e1stico Preto para Cacto e Suculenta"},"content":{"rendered":"<p>Fabricado em pl\u00e1stico leve e resistente. \u00c9 ideal para o plantio de flores e folhagens internas e externas. Possui furos para escoamento.<\/p>\n","protected":false},"excerpt":{"rendered":"<p>\u00c9 ideal para o plantio de flores e folhagens internas e externas. Possui furos para escoamento.<\/p>\n","protected":false},"featured_media":1289,"comment_status":"open","ping_status":"closed","template":"","meta":{"_monsterinsights_skip_tracking":false,"_monsterinsights_sitenote_active":false,"_monsterinsights_sitenote_note":"","_monsterinsights_sitenote_category":0},"product_brand":[],"product_cat":[60,58],"product_tag":[20,38,215,216,217,21,56,212,219,214,213,218],"class_list":{"0":"post-1180","1":"product","2":"type-product","3":"status-publish","4":"has-post-thumbnail","6":"product_cat-plastico","7":"product_cat-vasos","8":"product_tag-planta","9":"product_tag-plantas","10":"product_tag-pote-11","11":"product_tag-pote-9","12":"product_tag-pote-suculenta","13":"product_tag-suculenta","14":"product_tag-suculentas","15":"product_tag-vaso","16":"product_tag-vaso-para-suculenta","17":"product_tag-vaso-pote-11","18":"product_tag-vaso-pote-9","19":"product_tag-vaso-suculenta","21":"first","22":"instock","23":"sale","24":"shipping-taxable","25":"purchasable","26":"product-type-variable","27":"has-default-attributes"},"jetpack_sharing_enabled":true,"jetpack_likes_enabled":false,"_links":{"self":[{"href":"https:\/\/chacaradassuculentas.com.br\/index.php\/wp-json\/wp\/v2\/product\/1180","targetHints":{"allow":["GET"]}}],"collection":[{"href":"https:\/\/chacaradassuculentas.com.br\/index.php\/wp-json\/wp\/v2\/product"}],"about":[{"href":"https:\/\/chacaradassuculentas.com.br\/index.php\/wp-json\/wp\/v2\/types\/product"}],"replies":[{"embeddable":true,"href":"https:\/\/chacaradassuculentas.com.br\/index.php\/wp-json\/wp\/v2\/comments?post=1180"}],"wp:featuredmedia":[{"embeddable":true,"href":"https:\/\/chacaradassuculentas.com.br\/index.php\/wp-json\/wp\/v2\/media\/1289"}],"wp:attachment":[{"href":"https:\/\/chacaradassuculentas.com.br\/index.php\/wp-json\/wp\/v2\/media?parent=1180"}],"wp:term":[{"taxonomy":"product_brand","embeddable":true,"href":"https:\/\/chacaradassuculentas.com.br\/index.php\/wp-json\/wp\/v2\/product_brand?post=1180"},{"taxonomy":"product_cat","embeddable":true,"href":"https:\/\/chacaradassuculentas.com.br\/index.php\/wp-json\/wp\/v2\/product_cat?post=1180"},{"taxonomy":"product_tag","embeddable":true,"href":"https:\/\/chacaradassuculentas.com.br\/index.php\/wp-json\/wp\/v2\/product_tag?post=1180"}],"curies":[{"name":"wp","href":"https:\/\/api.w.org\/{rel}","templated":true}]}}