{"id":4111,"date":"2021-05-14T17:17:28","date_gmt":"2021-05-14T20:17:28","guid":{"rendered":"https:\/\/chacaradassuculentas.com.br\/?page_id=4111"},"modified":"2021-05-16T22:52:55","modified_gmt":"2021-05-17T01:52:55","slug":"canecas","status":"publish","type":"page","link":"https:\/\/chacaradassuculentas.com.br\/index.php\/canecas\/","title":{"rendered":"Canecas"},"content":{"rendered":"<p>[vc_row][vc_column]<div class=\"woocommerce columns-3 \"><ul class=\"products columns-3\">\n<li class=\"product type-product post-4235 status-publish first instock product_cat-caneca product_tag-cacto has-post-thumbnail sale shipping-taxable purchasable product-type-simple\">\n\t<a href=\"https:\/\/chacaradassuculentas.com.br\/index.php\/produto\/caneca-ceramica-love-cactus\/\" class=\"woocommerce-LoopProduct-link woocommerce-loop-product__link\"><img decoding=\"async\" width=\"324\" height=\"324\" src=\"https:\/\/i0.wp.com\/chacaradassuculentas.com.br\/wp-content\/uploads\/2021\/05\/20210514_143600.jpg?resize=324%2C324&amp;ssl=1\" class=\"attachment-woocommerce_thumbnail size-woocommerce_thumbnail\" alt=\"Caneca Cer\u00e2mica &quot;Love cactus&quot;\" srcset=\"https:\/\/i0.wp.com\/chacaradassuculentas.com.br\/wp-content\/uploads\/2021\/05\/20210514_143600.jpg?w=450&amp;ssl=1 450w, https:\/\/i0.wp.com\/chacaradassuculentas.com.br\/wp-content\/uploads\/2021\/05\/20210514_143600.jpg?resize=300%2C300&amp;ssl=1 300w, https:\/\/i0.wp.com\/chacaradassuculentas.com.br\/wp-content\/uploads\/2021\/05\/20210514_143600.jpg?resize=150%2C150&amp;ssl=1 150w, https:\/\/i0.wp.com\/chacaradassuculentas.com.br\/wp-content\/uploads\/2021\/05\/20210514_143600.jpg?resize=324%2C324&amp;ssl=1 324w, https:\/\/i0.wp.com\/chacaradassuculentas.com.br\/wp-content\/uploads\/2021\/05\/20210514_143600.jpg?resize=416%2C416&amp;ssl=1 416w, https:\/\/i0.wp.com\/chacaradassuculentas.com.br\/wp-content\/uploads\/2021\/05\/20210514_143600.jpg?resize=100%2C100&amp;ssl=1 100w\" sizes=\"(max-width: 324px) 100vw, 324px\" \/><h2 class=\"woocommerce-loop-product__title\">Caneca Cer\u00e2mica &#8220;Love cactus&#8221;<\/h2><div class=\"star-rating\" role=\"img\" aria-label=\"Avalia\u00e7\u00e3o 5.00 de 5\"><span style=\"width:100%\">Avalia\u00e7\u00e3o <strong class=\"rating\">5.00<\/strong> de 5<\/span><\/div>\n\t<span class=\"onsale\">Oferta!<\/span>\n\t\n\t<span class=\"price\"><del aria-hidden=\"true\"><span class=\"woocommerce-Price-amount amount\"><bdi><span class=\"woocommerce-Price-currencySymbol\">&#82;&#36;<\/span>25,00<\/bdi><\/span><\/del> <span class=\"screen-reader-text\">O pre\u00e7o original era: &#082;&#036;25,00.<\/span><ins aria-hidden=\"true\"><span class=\"woocommerce-Price-amount amount\"><bdi><span class=\"woocommerce-Price-currencySymbol\">&#82;&#36;<\/span>20,00<\/bdi><\/span><\/ins><span class=\"screen-reader-text\">O pre\u00e7o atual \u00e9: &#082;&#036;20,00.<\/span><\/span>\n<\/a><a href=\"\/index.php\/wp-json\/wp\/v2\/pages\/4111?add-to-cart=4235\" aria-describedby=\"woocommerce_loop_add_to_cart_link_describedby_4235\" data-quantity=\"1\" class=\"button product_type_simple add_to_cart_button ajax_add_to_cart\" data-product_id=\"4235\" data-product_sku=\"CA006\" aria-label=\"Adicione ao carrinho: &ldquo;Caneca Cer\u00e2mica &quot;Love cactus&quot;&rdquo;\" rel=\"nofollow\" data-success_message=\"\u201cCaneca Cer\u00e2mica &quot;Love cactus&quot;\u201d foi adicionado ao seu carrinho\" role=\"button\">Adicionar ao carrinho<\/a>\t<span id=\"woocommerce_loop_add_to_cart_link_describedby_4235\" class=\"screen-reader-text\">\n\t\t\t<\/span>\n<\/li>\n<li class=\"product type-product post-4236 status-publish instock product_cat-caneca product_tag-cacto has-post-thumbnail sale shipping-taxable purchasable product-type-simple\">\n\t<a href=\"https:\/\/chacaradassuculentas.com.br\/index.php\/produto\/caneca-ceramica-i-love-cactus\/\" class=\"woocommerce-LoopProduct-link woocommerce-loop-product__link\"><img decoding=\"async\" width=\"324\" height=\"324\" src=\"https:\/\/i0.wp.com\/chacaradassuculentas.com.br\/wp-content\/uploads\/2021\/05\/20210514_143702.jpg?resize=324%2C324&amp;ssl=1\" class=\"attachment-woocommerce_thumbnail size-woocommerce_thumbnail\" alt=\"Caneca Cer\u00e2mica &quot;I love cactus&quot;\" srcset=\"https:\/\/i0.wp.com\/chacaradassuculentas.com.br\/wp-content\/uploads\/2021\/05\/20210514_143702.jpg?w=450&amp;ssl=1 450w, https:\/\/i0.wp.com\/chacaradassuculentas.com.br\/wp-content\/uploads\/2021\/05\/20210514_143702.jpg?resize=300%2C300&amp;ssl=1 300w, https:\/\/i0.wp.com\/chacaradassuculentas.com.br\/wp-content\/uploads\/2021\/05\/20210514_143702.jpg?resize=150%2C150&amp;ssl=1 150w, https:\/\/i0.wp.com\/chacaradassuculentas.com.br\/wp-content\/uploads\/2021\/05\/20210514_143702.jpg?resize=324%2C324&amp;ssl=1 324w, https:\/\/i0.wp.com\/chacaradassuculentas.com.br\/wp-content\/uploads\/2021\/05\/20210514_143702.jpg?resize=416%2C416&amp;ssl=1 416w, https:\/\/i0.wp.com\/chacaradassuculentas.com.br\/wp-content\/uploads\/2021\/05\/20210514_143702.jpg?resize=100%2C100&amp;ssl=1 100w\" sizes=\"(max-width: 324px) 100vw, 324px\" \/><h2 class=\"woocommerce-loop-product__title\">Caneca Cer\u00e2mica &#8220;I love cactus&#8221;<\/h2><div class=\"star-rating\" role=\"img\" aria-label=\"Avalia\u00e7\u00e3o 5.00 de 5\"><span style=\"width:100%\">Avalia\u00e7\u00e3o <strong class=\"rating\">5.00<\/strong> de 5<\/span><\/div>\n\t<span class=\"onsale\">Oferta!<\/span>\n\t\n\t<span class=\"price\"><del aria-hidden=\"true\"><span class=\"woocommerce-Price-amount amount\"><bdi><span class=\"woocommerce-Price-currencySymbol\">&#82;&#36;<\/span>25,00<\/bdi><\/span><\/del> <span class=\"screen-reader-text\">O pre\u00e7o original era: &#082;&#036;25,00.<\/span><ins aria-hidden=\"true\"><span class=\"woocommerce-Price-amount amount\"><bdi><span class=\"woocommerce-Price-currencySymbol\">&#82;&#36;<\/span>20,00<\/bdi><\/span><\/ins><span class=\"screen-reader-text\">O pre\u00e7o atual \u00e9: &#082;&#036;20,00.<\/span><\/span>\n<\/a><a href=\"\/index.php\/wp-json\/wp\/v2\/pages\/4111?add-to-cart=4236\" aria-describedby=\"woocommerce_loop_add_to_cart_link_describedby_4236\" data-quantity=\"1\" class=\"button product_type_simple add_to_cart_button ajax_add_to_cart\" data-product_id=\"4236\" data-product_sku=\"CA007\" aria-label=\"Adicione ao carrinho: &ldquo;Caneca Cer\u00e2mica &quot;I love cactus&quot;&rdquo;\" rel=\"nofollow\" data-success_message=\"\u201cCaneca Cer\u00e2mica &quot;I love cactus&quot;\u201d foi adicionado ao seu carrinho\" role=\"button\">Adicionar ao carrinho<\/a>\t<span id=\"woocommerce_loop_add_to_cart_link_describedby_4236\" class=\"screen-reader-text\">\n\t\t\t<\/span>\n<\/li>\n<li class=\"product type-product post-4172 status-publish last instock product_cat-caneca product_tag-cacto has-post-thumbnail sale shipping-taxable purchasable product-type-simple\">\n\t<a href=\"https:\/\/chacaradassuculentas.com.br\/index.php\/produto\/caneca-ceramica-amor-por-cactus\/\" class=\"woocommerce-LoopProduct-link woocommerce-loop-product__link\"><img decoding=\"async\" width=\"324\" height=\"324\" src=\"https:\/\/i0.wp.com\/chacaradassuculentas.com.br\/wp-content\/uploads\/2021\/05\/20210514_144155.jpg?resize=324%2C324&amp;ssl=1\" class=\"attachment-woocommerce_thumbnail size-woocommerce_thumbnail\" alt=\"Caneca Cer\u00e2mica &quot;Amor por cactus&quot;\" srcset=\"https:\/\/i0.wp.com\/chacaradassuculentas.com.br\/wp-content\/uploads\/2021\/05\/20210514_144155.jpg?w=450&amp;ssl=1 450w, https:\/\/i0.wp.com\/chacaradassuculentas.com.br\/wp-content\/uploads\/2021\/05\/20210514_144155.jpg?resize=300%2C300&amp;ssl=1 300w, https:\/\/i0.wp.com\/chacaradassuculentas.com.br\/wp-content\/uploads\/2021\/05\/20210514_144155.jpg?resize=150%2C150&amp;ssl=1 150w, https:\/\/i0.wp.com\/chacaradassuculentas.com.br\/wp-content\/uploads\/2021\/05\/20210514_144155.jpg?resize=324%2C324&amp;ssl=1 324w, https:\/\/i0.wp.com\/chacaradassuculentas.com.br\/wp-content\/uploads\/2021\/05\/20210514_144155.jpg?resize=416%2C416&amp;ssl=1 416w, https:\/\/i0.wp.com\/chacaradassuculentas.com.br\/wp-content\/uploads\/2021\/05\/20210514_144155.jpg?resize=100%2C100&amp;ssl=1 100w\" sizes=\"(max-width: 324px) 100vw, 324px\" \/><h2 class=\"woocommerce-loop-product__title\">Caneca Cer\u00e2mica &#8220;Amor por cactus&#8221;<\/h2>\n\t<span class=\"onsale\">Oferta!<\/span>\n\t\n\t<span class=\"price\"><del aria-hidden=\"true\"><span class=\"woocommerce-Price-amount amount\"><bdi><span class=\"woocommerce-Price-currencySymbol\">&#82;&#36;<\/span>25,00<\/bdi><\/span><\/del> <span class=\"screen-reader-text\">O pre\u00e7o original era: &#082;&#036;25,00.<\/span><ins aria-hidden=\"true\"><span class=\"woocommerce-Price-amount amount\"><bdi><span class=\"woocommerce-Price-currencySymbol\">&#82;&#36;<\/span>20,00<\/bdi><\/span><\/ins><span class=\"screen-reader-text\">O pre\u00e7o atual \u00e9: &#082;&#036;20,00.<\/span><\/span>\n<\/a><a href=\"\/index.php\/wp-json\/wp\/v2\/pages\/4111?add-to-cart=4172\" aria-describedby=\"woocommerce_loop_add_to_cart_link_describedby_4172\" data-quantity=\"1\" class=\"button product_type_simple add_to_cart_button ajax_add_to_cart\" data-product_id=\"4172\" data-product_sku=\"CA001\" aria-label=\"Adicione ao carrinho: &ldquo;Caneca Cer\u00e2mica &quot;Amor por cactus&quot;&rdquo;\" rel=\"nofollow\" data-success_message=\"\u201cCaneca Cer\u00e2mica &quot;Amor por cactus&quot;\u201d foi adicionado ao seu carrinho\" role=\"button\">Adicionar ao carrinho<\/a>\t<span id=\"woocommerce_loop_add_to_cart_link_describedby_4172\" class=\"screen-reader-text\">\n\t\t\t<\/span>\n<\/li>\n<li class=\"product type-product post-4230 status-publish first instock product_cat-caneca product_tag-cacto has-post-thumbnail sale shipping-taxable purchasable product-type-simple\">\n\t<a href=\"https:\/\/chacaradassuculentas.com.br\/index.php\/produto\/caneca-ceramica-quem-planta-amor-colhe-felicidade\/\" class=\"woocommerce-LoopProduct-link woocommerce-loop-product__link\"><img decoding=\"async\" width=\"324\" height=\"324\" src=\"https:\/\/i0.wp.com\/chacaradassuculentas.com.br\/wp-content\/uploads\/2021\/05\/20210514_144329.jpg?resize=324%2C324&amp;ssl=1\" class=\"attachment-woocommerce_thumbnail size-woocommerce_thumbnail\" alt=\"Caneca Cer\u00e2mica &quot;Quem planta amor colhe felicidade&quot;\" srcset=\"https:\/\/i0.wp.com\/chacaradassuculentas.com.br\/wp-content\/uploads\/2021\/05\/20210514_144329.jpg?w=450&amp;ssl=1 450w, https:\/\/i0.wp.com\/chacaradassuculentas.com.br\/wp-content\/uploads\/2021\/05\/20210514_144329.jpg?resize=300%2C300&amp;ssl=1 300w, https:\/\/i0.wp.com\/chacaradassuculentas.com.br\/wp-content\/uploads\/2021\/05\/20210514_144329.jpg?resize=150%2C150&amp;ssl=1 150w, https:\/\/i0.wp.com\/chacaradassuculentas.com.br\/wp-content\/uploads\/2021\/05\/20210514_144329.jpg?resize=324%2C324&amp;ssl=1 324w, https:\/\/i0.wp.com\/chacaradassuculentas.com.br\/wp-content\/uploads\/2021\/05\/20210514_144329.jpg?resize=416%2C416&amp;ssl=1 416w, https:\/\/i0.wp.com\/chacaradassuculentas.com.br\/wp-content\/uploads\/2021\/05\/20210514_144329.jpg?resize=100%2C100&amp;ssl=1 100w\" sizes=\"(max-width: 324px) 100vw, 324px\" \/><h2 class=\"woocommerce-loop-product__title\">Caneca Cer\u00e2mica &#8220;Quem planta amor colhe felicidade&#8221;<\/h2>\n\t<span class=\"onsale\">Oferta!<\/span>\n\t\n\t<span class=\"price\"><del aria-hidden=\"true\"><span class=\"woocommerce-Price-amount amount\"><bdi><span class=\"woocommerce-Price-currencySymbol\">&#82;&#36;<\/span>25,00<\/bdi><\/span><\/del> <span class=\"screen-reader-text\">O pre\u00e7o original era: &#082;&#036;25,00.<\/span><ins aria-hidden=\"true\"><span class=\"woocommerce-Price-amount amount\"><bdi><span class=\"woocommerce-Price-currencySymbol\">&#82;&#36;<\/span>20,00<\/bdi><\/span><\/ins><span class=\"screen-reader-text\">O pre\u00e7o atual \u00e9: &#082;&#036;20,00.<\/span><\/span>\n<\/a><a href=\"\/index.php\/wp-json\/wp\/v2\/pages\/4111?add-to-cart=4230\" aria-describedby=\"woocommerce_loop_add_to_cart_link_describedby_4230\" data-quantity=\"1\" class=\"button product_type_simple add_to_cart_button ajax_add_to_cart\" data-product_id=\"4230\" data-product_sku=\"CA004\" aria-label=\"Adicione ao carrinho: &ldquo;Caneca Cer\u00e2mica &quot;Quem planta amor colhe felicidade&quot;&rdquo;\" rel=\"nofollow\" data-success_message=\"\u201cCaneca Cer\u00e2mica &quot;Quem planta amor colhe felicidade&quot;\u201d foi adicionado ao seu carrinho\" role=\"button\">Adicionar ao carrinho<\/a>\t<span id=\"woocommerce_loop_add_to_cart_link_describedby_4230\" class=\"screen-reader-text\">\n\t\t\t<\/span>\n<\/li>\n<li class=\"product type-product post-4231 status-publish instock product_cat-caneca product_tag-cacto has-post-thumbnail sale shipping-taxable purchasable product-type-simple\">\n\t<a href=\"https:\/\/chacaradassuculentas.com.br\/index.php\/produto\/caneca-ceramica-so-sei-cuidar-de-cactus\/\" class=\"woocommerce-LoopProduct-link woocommerce-loop-product__link\"><img decoding=\"async\" width=\"324\" height=\"324\" src=\"https:\/\/i0.wp.com\/chacaradassuculentas.com.br\/wp-content\/uploads\/2021\/05\/20210514_143729.jpg?resize=324%2C324&amp;ssl=1\" class=\"attachment-woocommerce_thumbnail size-woocommerce_thumbnail\" alt=\"Caneca Cer\u00e2mica &quot;S\u00f3 sei cuidar de cactus&quot;\" srcset=\"https:\/\/i0.wp.com\/chacaradassuculentas.com.br\/wp-content\/uploads\/2021\/05\/20210514_143729.jpg?w=450&amp;ssl=1 450w, https:\/\/i0.wp.com\/chacaradassuculentas.com.br\/wp-content\/uploads\/2021\/05\/20210514_143729.jpg?resize=300%2C300&amp;ssl=1 300w, https:\/\/i0.wp.com\/chacaradassuculentas.com.br\/wp-content\/uploads\/2021\/05\/20210514_143729.jpg?resize=150%2C150&amp;ssl=1 150w, https:\/\/i0.wp.com\/chacaradassuculentas.com.br\/wp-content\/uploads\/2021\/05\/20210514_143729.jpg?resize=324%2C324&amp;ssl=1 324w, https:\/\/i0.wp.com\/chacaradassuculentas.com.br\/wp-content\/uploads\/2021\/05\/20210514_143729.jpg?resize=416%2C416&amp;ssl=1 416w, https:\/\/i0.wp.com\/chacaradassuculentas.com.br\/wp-content\/uploads\/2021\/05\/20210514_143729.jpg?resize=100%2C100&amp;ssl=1 100w\" sizes=\"(max-width: 324px) 100vw, 324px\" \/><h2 class=\"woocommerce-loop-product__title\">Caneca Cer\u00e2mica &#8220;S\u00f3 sei cuidar de cactus&#8221;<\/h2>\n\t<span class=\"onsale\">Oferta!<\/span>\n\t\n\t<span class=\"price\"><del aria-hidden=\"true\"><span class=\"woocommerce-Price-amount amount\"><bdi><span class=\"woocommerce-Price-currencySymbol\">&#82;&#36;<\/span>25,00<\/bdi><\/span><\/del> <span class=\"screen-reader-text\">O pre\u00e7o original era: &#082;&#036;25,00.<\/span><ins aria-hidden=\"true\"><span class=\"woocommerce-Price-amount amount\"><bdi><span class=\"woocommerce-Price-currencySymbol\">&#82;&#36;<\/span>20,00<\/bdi><\/span><\/ins><span class=\"screen-reader-text\">O pre\u00e7o atual \u00e9: &#082;&#036;20,00.<\/span><\/span>\n<\/a><a href=\"\/index.php\/wp-json\/wp\/v2\/pages\/4111?add-to-cart=4231\" aria-describedby=\"woocommerce_loop_add_to_cart_link_describedby_4231\" data-quantity=\"1\" class=\"button product_type_simple add_to_cart_button ajax_add_to_cart\" data-product_id=\"4231\" data-product_sku=\"CA003\" aria-label=\"Adicione ao carrinho: &ldquo;Caneca Cer\u00e2mica &quot;S\u00f3 sei cuidar de cactus&quot;&rdquo;\" rel=\"nofollow\" data-success_message=\"\u201cCaneca Cer\u00e2mica &quot;S\u00f3 sei cuidar de cactus&quot;\u201d foi adicionado ao seu carrinho\" role=\"button\">Adicionar ao carrinho<\/a>\t<span id=\"woocommerce_loop_add_to_cart_link_describedby_4231\" class=\"screen-reader-text\">\n\t\t\t<\/span>\n<\/li>\n<li class=\"product type-product post-4232 status-publish last instock product_cat-caneca product_tag-caneca product_tag-caneca-cacto has-post-thumbnail sale shipping-taxable purchasable product-type-simple\">\n\t<a href=\"https:\/\/chacaradassuculentas.com.br\/index.php\/produto\/caneca-ceramica-a-beleza-mais-importante-e-aquela-que-nao-se-pode-ver\/\" class=\"woocommerce-LoopProduct-link woocommerce-loop-product__link\"><img decoding=\"async\" width=\"324\" height=\"324\" src=\"https:\/\/i0.wp.com\/chacaradassuculentas.com.br\/wp-content\/uploads\/2021\/05\/20210514_144250.jpg?resize=324%2C324&amp;ssl=1\" class=\"attachment-woocommerce_thumbnail size-woocommerce_thumbnail\" alt=\"Caneca Cer\u00e2mica &quot;A beleza mais importante \u00e9 aquela que n\u00e3o se pode ver&quot;\" srcset=\"https:\/\/i0.wp.com\/chacaradassuculentas.com.br\/wp-content\/uploads\/2021\/05\/20210514_144250.jpg?w=450&amp;ssl=1 450w, https:\/\/i0.wp.com\/chacaradassuculentas.com.br\/wp-content\/uploads\/2021\/05\/20210514_144250.jpg?resize=300%2C300&amp;ssl=1 300w, https:\/\/i0.wp.com\/chacaradassuculentas.com.br\/wp-content\/uploads\/2021\/05\/20210514_144250.jpg?resize=150%2C150&amp;ssl=1 150w, https:\/\/i0.wp.com\/chacaradassuculentas.com.br\/wp-content\/uploads\/2021\/05\/20210514_144250.jpg?resize=324%2C324&amp;ssl=1 324w, https:\/\/i0.wp.com\/chacaradassuculentas.com.br\/wp-content\/uploads\/2021\/05\/20210514_144250.jpg?resize=416%2C416&amp;ssl=1 416w, https:\/\/i0.wp.com\/chacaradassuculentas.com.br\/wp-content\/uploads\/2021\/05\/20210514_144250.jpg?resize=100%2C100&amp;ssl=1 100w\" sizes=\"(max-width: 324px) 100vw, 324px\" \/><h2 class=\"woocommerce-loop-product__title\">Caneca Cer\u00e2mica &#8220;A beleza mais importante \u00e9 aquela que n\u00e3o se pode ver&#8221;<\/h2>\n\t<span class=\"onsale\">Oferta!<\/span>\n\t\n\t<span class=\"price\"><del aria-hidden=\"true\"><span class=\"woocommerce-Price-amount amount\"><bdi><span class=\"woocommerce-Price-currencySymbol\">&#82;&#36;<\/span>25,00<\/bdi><\/span><\/del> <span class=\"screen-reader-text\">O pre\u00e7o original era: &#082;&#036;25,00.<\/span><ins aria-hidden=\"true\"><span class=\"woocommerce-Price-amount amount\"><bdi><span class=\"woocommerce-Price-currencySymbol\">&#82;&#36;<\/span>20,00<\/bdi><\/span><\/ins><span class=\"screen-reader-text\">O pre\u00e7o atual \u00e9: &#082;&#036;20,00.<\/span><\/span>\n<\/a><a href=\"\/index.php\/wp-json\/wp\/v2\/pages\/4111?add-to-cart=4232\" aria-describedby=\"woocommerce_loop_add_to_cart_link_describedby_4232\" data-quantity=\"1\" class=\"button product_type_simple add_to_cart_button ajax_add_to_cart\" data-product_id=\"4232\" data-product_sku=\"CA002\" aria-label=\"Adicione ao carrinho: &ldquo;Caneca Cer\u00e2mica &quot;A beleza mais importante \u00e9 aquela que n\u00e3o se pode ver&quot;&rdquo;\" rel=\"nofollow\" data-success_message=\"\u201cCaneca Cer\u00e2mica &quot;A beleza mais importante \u00e9 aquela que n\u00e3o se pode ver&quot;\u201d foi adicionado ao seu carrinho\" role=\"button\">Adicionar ao carrinho<\/a>\t<span id=\"woocommerce_loop_add_to_cart_link_describedby_4232\" class=\"screen-reader-text\">\n\t\t\t<\/span>\n<\/li>\n<li class=\"product type-product post-4234 status-publish first instock product_cat-caneca product_tag-cacto has-post-thumbnail sale shipping-taxable purchasable product-type-simple\">\n\t<a href=\"https:\/\/chacaradassuculentas.com.br\/index.php\/produto\/caneca-ceramica-lhama-e-cacto\/\" class=\"woocommerce-LoopProduct-link woocommerce-loop-product__link\"><img decoding=\"async\" width=\"324\" height=\"324\" src=\"https:\/\/i0.wp.com\/chacaradassuculentas.com.br\/wp-content\/uploads\/2021\/05\/20210514_144131.jpg?resize=324%2C324&amp;ssl=1\" class=\"attachment-woocommerce_thumbnail size-woocommerce_thumbnail\" alt=\"Caneca Cer\u00e2mica &quot;Lhama e cacto&quot;\" srcset=\"https:\/\/i0.wp.com\/chacaradassuculentas.com.br\/wp-content\/uploads\/2021\/05\/20210514_144131.jpg?w=450&amp;ssl=1 450w, https:\/\/i0.wp.com\/chacaradassuculentas.com.br\/wp-content\/uploads\/2021\/05\/20210514_144131.jpg?resize=300%2C300&amp;ssl=1 300w, https:\/\/i0.wp.com\/chacaradassuculentas.com.br\/wp-content\/uploads\/2021\/05\/20210514_144131.jpg?resize=150%2C150&amp;ssl=1 150w, https:\/\/i0.wp.com\/chacaradassuculentas.com.br\/wp-content\/uploads\/2021\/05\/20210514_144131.jpg?resize=324%2C324&amp;ssl=1 324w, https:\/\/i0.wp.com\/chacaradassuculentas.com.br\/wp-content\/uploads\/2021\/05\/20210514_144131.jpg?resize=416%2C416&amp;ssl=1 416w, https:\/\/i0.wp.com\/chacaradassuculentas.com.br\/wp-content\/uploads\/2021\/05\/20210514_144131.jpg?resize=100%2C100&amp;ssl=1 100w\" sizes=\"(max-width: 324px) 100vw, 324px\" \/><h2 class=\"woocommerce-loop-product__title\">Caneca Cer\u00e2mica &#8220;Lhama e cacto&#8221;<\/h2>\n\t<span class=\"onsale\">Oferta!<\/span>\n\t\n\t<span class=\"price\"><del aria-hidden=\"true\"><span class=\"woocommerce-Price-amount amount\"><bdi><span class=\"woocommerce-Price-currencySymbol\">&#82;&#36;<\/span>25,00<\/bdi><\/span><\/del> <span class=\"screen-reader-text\">O pre\u00e7o original era: &#082;&#036;25,00.<\/span><ins aria-hidden=\"true\"><span class=\"woocommerce-Price-amount amount\"><bdi><span class=\"woocommerce-Price-currencySymbol\">&#82;&#36;<\/span>20,00<\/bdi><\/span><\/ins><span class=\"screen-reader-text\">O pre\u00e7o atual \u00e9: &#082;&#036;20,00.<\/span><\/span>\n<\/a><a href=\"\/index.php\/wp-json\/wp\/v2\/pages\/4111?add-to-cart=4234\" aria-describedby=\"woocommerce_loop_add_to_cart_link_describedby_4234\" data-quantity=\"1\" class=\"button product_type_simple add_to_cart_button ajax_add_to_cart\" data-product_id=\"4234\" data-product_sku=\"CA005\" aria-label=\"Adicione ao carrinho: &ldquo;Caneca Cer\u00e2mica &quot;Lhama e cacto&quot;&rdquo;\" rel=\"nofollow\" data-success_message=\"\u201cCaneca Cer\u00e2mica &quot;Lhama e cacto&quot;\u201d foi adicionado ao seu carrinho\" role=\"button\">Adicionar ao carrinho<\/a>\t<span id=\"woocommerce_loop_add_to_cart_link_describedby_4234\" class=\"screen-reader-text\">\n\t\t\t<\/span>\n<\/li>\n<\/ul>\n<\/div>[\/vc_column][\/vc_row][vc_row][vc_column][\/vc_column][\/vc_row]<\/p>\n","protected":false},"excerpt":{"rendered":"<p>[vc_row][vc_column][\/vc_column][\/vc_row][vc_row][vc_column][\/vc_column][\/vc_row]<\/p>\n","protected":false},"author":1,"featured_media":0,"parent":0,"menu_order":0,"comment_status":"closed","ping_status":"closed","template":"","meta":{"_monsterinsights_skip_tracking":false,"_monsterinsights_sitenote_active":false,"_monsterinsights_sitenote_note":"","_monsterinsights_sitenote_category":0,"footnotes":""},"class_list":["post-4111","page","type-page","status-publish","hentry"],"jetpack_sharing_enabled":true,"jetpack_likes_enabled":false,"_links":{"self":[{"href":"https:\/\/chacaradassuculentas.com.br\/index.php\/wp-json\/wp\/v2\/pages\/4111","targetHints":{"allow":["GET"]}}],"collection":[{"href":"https:\/\/chacaradassuculentas.com.br\/index.php\/wp-json\/wp\/v2\/pages"}],"about":[{"href":"https:\/\/chacaradassuculentas.com.br\/index.php\/wp-json\/wp\/v2\/types\/page"}],"author":[{"embeddable":true,"href":"https:\/\/chacaradassuculentas.com.br\/index.php\/wp-json\/wp\/v2\/users\/1"}],"replies":[{"embeddable":true,"href":"https:\/\/chacaradassuculentas.com.br\/index.php\/wp-json\/wp\/v2\/comments?post=4111"}],"version-history":[{"count":4,"href":"https:\/\/chacaradassuculentas.com.br\/index.php\/wp-json\/wp\/v2\/pages\/4111\/revisions"}],"predecessor-version":[{"id":4237,"href":"https:\/\/chacaradassuculentas.com.br\/index.php\/wp-json\/wp\/v2\/pages\/4111\/revisions\/4237"}],"wp:attachment":[{"href":"https:\/\/chacaradassuculentas.com.br\/index.php\/wp-json\/wp\/v2\/media?parent=4111"}],"curies":[{"name":"wp","href":"https:\/\/api.w.org\/{rel}","templated":true}]}}